14*p**2 + 8*p - 27. Let r(d) = -6*u(d) + 13*z(d). Give r(-5).
-2
Let h = -264 - -268. Suppose 2*o = 2, -h*o = 12*d - 8*d - 32. Let k(q) = -q + 10. What is k(d)?
3
Let g(x) = -44*x - 40. Let i(b) = -7*b - 5. Let k(f) = -2*g(f) + 12*i(f). Determine k(-12).
-28
Let z(y) = -30*y - 2*y**2 + 3*y**2 - 6846 + 6885. Calculate z(27).
-42
Let r(x) = -x**2 - 2*x - 2. Let i(v) = 3*v**2 + 3*v + 4. Let d(t) = -i(t) - 2*r(t). Suppose p - 2*p = -6*p. Give d(p).
0
Let t(j) = -j**3 - j**2 + 42*j - 8. Let u(z) = -479*z + 2867. Let n be u(6). What is t(n)?
-8
Let w(z) = -z**3 + 5*z**2 + 6*z + 2. Let q be w(6). Let l(g) = 2 + 6*g**2 - 4*g**2 + 144*g - 289*g + 146*g + 7*g**2. Give l(q).
40
Let m(j) = j**3 - 5*j**2 + j + 1. Let o(l) = 252*l - 2515. Let q be o(10). What is m(q)?
6
Let y = -14 + 146. Let i(c) = -6*c - 131*c**2 + y*c**2 + 3 - 3. Let a(d) = -2*d - 3. Let b be a(-4). Give i(b).
-5
Let t be (-2)/(13/(-89 + 11)). Let b(l) = l**2 - 15*l + 39. Give b(t).
3
Let h(b) be the third derivative of -b**5/60 - 7*b**4/24 - 5*b**3/6 - 52*b**2. Let d = -47 + 11. Let t be (4 + d)/4 - -1. Determine h(t).
-5
Let a(m) = 6*m - 150. Let w be a(21). Let n be (-10 - 9/(54/w))*1. Let g(f) = f**3 + 4*f**2 - 8*f - 9. What is g(n)?
-33
Let q(i) = 12*i**2 - 10*i + 3. Let t be q(1). Suppose 2*u - 2 = 2, -t*d + 24 = 2*u. Let j(f) = -f**2 + f + 4. Determine j(d).
-8
Let i(f) = 6*f + 1. Let t(a) = -3*a**2 - 4*a. Let g(l) = -17*l**2 - 22*l. Let b(h) = 2*g(h) - 11*t(h). Let w(v) = b(v) - i(v). Give w(-7).
-8
Let m(a) = a**2 + 7*a + 6. Let p be (-34)/6 + 2/(-12)*2. Let h be ((-3 - p) + 10)/((-2)/(-6)). Let s = 34 - h. Calculate m(s).
-4
Let h(z) = z**3 - 10*z**2 - 11*z + 11. Let f = 14708 - 14697. Determine h(f).
11
Let f(h) = h**2 - 12*h - 26. Let v(p) = p**3 + 35*p**2 + 250*p + 13. Let x be v(-25). Calculate f(x).
-13
Suppose -10*t + 16 = -6*t. Let a(y) = -764*y**2 + 766*y**2 + t*y - 4*y - 1 - y. What is a(3)?
14
Suppose -16 + 36 = 10*h. Let j(p) = p**2 + 7*p + 2 - 2*p + 3*p**h + 6*p - 4*p. Give j(-2).
4
Let k(n) = -76*n + 202*n - 62*n - 57*n + 74. What is k(-10)?
4
Let t(i) be the second derivative of -i**3/6 - 7*i**2/2 + i. Let l(c) = c**3 + 11*c**2 - 37*c + 70. Let u be l(-14). Calculate t(u).
-7
Let i(b) = -b**3 + 7*b**2 + 18*b + 8. Suppose 5*q - 73 = 4*l, 0 = q + 135*l - 131*l + 19. Determine i(q).
8
Let m(i) be the first derivative of -i**4/4 - 2*i**3/3 + i + 565. Determine m(-1).
0
Let u(x) be the third derivative of x**4/24 + x**3/3 + 2*x**2. Let v = -57 + 60. Suppose -8 = 4*f + v*d + 6, 8 = f - 5*d. Give u(f).
0
Let r(n) be the first derivative of -13*n + 58 - 2*n**2 + 90 - 187 + 71. Calculate r(-9).
23
Let s = 150 + -147. Let p(t) = 3*t**2 - 8*t**2 + 6 - 1853*t + t**s + 1849*t. Calculate p(5).
-14
Let s(i) be the third derivative of -3*i**6/40 - i**3/6 + 403*i**2. Let v be ((-2)/(-3))/(6/(-9)). Give s(v).
8
Suppose r = -4*z + 4, 23*r - 21*r = 3*z + 8. Let q(v) be the third derivative of 0 + z*v + 3/8*v**4 - 1/60*v**5 + 5/6*v**3 + 13*v**2. What is q(9)?
5
Let v be 303/(-33) - 4/(-22). Let j = v - -3. Let w(t) = 8 - 1 + 320816*t - 320814*t. Give w(j).
-5
Let q(i) be the first derivative of -1/4*i**4 - 40 - 5*i - i**2 + 5/3*i**3. What is q(4)?
3
Let f(j) = -j**2 + 6*j - 6. Let q be f(4). Let g(b) = 0*b + q*b + 2*b - 5 - 2*b. Calculate g(5).
5
Let a(n) be the second derivative of -n**4/3 + 5*n**3/6 + 29*n**2/2 - 8193*n. What is a(-4)?
-55
Let w(i) = i**2 - 4*i + 6. Let g = 341 + -302. Suppose -2*c = 11*c - g. Give w(c).
3
Let a(y) = -y**3 + 15*y**2 + 17*y - 15. Suppose -1081 = -v - 1188. Let i = -91 - v. Calculate a(i).
1
Let w(m) be the third derivative of 1/15*m**5 - 47*m**2 + 1/24*m**4 + 0*m - 2/3*m**3 - 1/120*m**6 + 0. Give w(3).
8
Suppose 3*s = 31*r - 30*r + 58, 10*r = -3*s + 47. Let x(y) = y**3 - 19*y**2 - y + 10. Determine x(s).
-9
Let k = 46 + -38. Let o be 30/k - (-13)/52. Suppose 4 = g - 2*y + 6*y, -5*g + o*y = -20. Let n(p) = 2*p**2 - 6*p + 3. Give n(g).
11
Suppose 3*k = -0*k - 21. Let h(z) = z**2 + 5. Let u be 4/2 - (-6 + 5)/(-1). Let p(d) = d - 2. Let i(g) = u*h(g) + 4*p(g). Calculate i(k).
18
Let d(m) be the third derivative of 1/24*m**4 + 0*m + 1/60*m**5 - 79*m**2 + 0 + 0*m**3. Determine d(-5).
20
Suppose 2 = -2*m, -210*h - 2*m + 2 = -209*h. Let z = -8 + 15. Let c(x) = -z + h + 33*x - 34*x. What is c(6)?
-9
Let o(l) = l**3 + l**2 - l + 3. Let j be (10 - 2)*(-4)/(-4). Let h be (-16)/24*(-6)/8*24. Suppose -j*f = -h*f. Give o(f).
3
Suppose -1530*m + 1535*m - 34 = 2*p, -2*p = m - 2. Let g(k) = 3*k**3 - 6*k**2 + 0 - 2*k**3 + k - 3 - 7. Calculate g(m).
-4
Let o = 30 - 21. Suppose 3*q = 4*x + 12, -3*x - o = -5*q + 11. Let h(r) = -r + 234. Let g(l) = l - 389. Let p(f) = 3*g(f) + 5*h(f). Give p(q).
-5
Let d(f) = 3*f**3 - 198*f**2 - 200*f - 62. Let u be d(67). Let g(n) be the third derivative of -1/24*n**4 - 1/6*n**3 - n**2 + 0*n + 0. Give g(u).
-6
Let a be ((-27)/12)/(-9)*0. Suppose -5*v + 3*n + 24 = a, v = -11*n + 16*n - 4. Let y(r) = -2*r + 5. Give y(v).
-7
Let r(a) = a**3 + 8*a**2 + 2*a + 4. Let q(f) be the first derivative of 2*f**3/3 + 9*f**2/2 - 26*f + 58. Let l be q(-6). Give r(l).
-12
Let r(x) be the second derivative of -x**5/20 - 5*x**4/4 - x**3/6 - 19*x**2/2 + 625*x. What is r(-15)?
-4
Let a(o) = o**2 - 33*o - 379. Let i(p) = p**2 + 96*p + 1206. Let y be i(-15). What is a(y)?
-1
Let t(n) = -n**3 + 10*n**2 + 10*n + 4. Let k(f) = -5*f - 79. Let u be k(-17). Let v be ((-5)/15)/((u/99)/(-2)). Determine t(v).
-7
Suppose 9 = -1563*u + 1562*u + q, 0 = 4*u + 4*q + 84. Let x(j) = 14*j**2 + 5 + j**3 - 16*j - 18 - 8. What is x(u)?
-6
Let y(b) = 89*b - 35 - 32*b - 62*b. What is y(0)?
-35
Let d(w) = 5*w - 1. Let m = 54 + -45. Suppose -5*z + m = 9. Suppose z = 12*v + 9 + 3. What is d(v)?
-6
Let o(k) be the third derivative of k**6/360 + k**5/12 + k**4/4 + 44*k**3/3 - 67*k**2. Let r(c) be the first derivative of o(c). What is r(-10)?
6
Let t(v) = 2*v**2 - 16*v + 32. Let h be t(5). Let p be ((-52)/65)/(h/(-5)). Suppose 8 = 2*y + 4*q, -y - 4*q = -2*y - p. Let n(a) = -7*a + 2. What is n(y)?
-12
Suppose 3*h - 7 = 3*s - h, -13 = 3*s - h. Let v = 321 + -321. Let u(d) = v + 5 - d + 1 + 1. Give u(s).
12
Let v(u) = 3*u - 101 + 35 + 3*u**2 - 4*u + 4*u + 67 - 44*u**3. Determine v(-1).
45
Let k(q) = -2*q**2 - 8*q - 5. Let t be (-15)/13 + 1 + (-8778)/741. Let a be ((-5)/(-3))/(4/t). Calculate k(a).
-15
Suppose -2*z = q + 3, -4*q - 8 = -z + 13. Let o(f) = 3*f**3 - 8*f**2 - 11*f + 5. Let v(x) = 4*x**3 - 7*x**2 - 11*x + 5. Let k(n) = q*o(n) + 4*v(n). Give k(-11).
-5
Suppose 4*j = -3*t + 22, -144*t = -147*t + 8*j + 10. Let h(k) be the second derivative of -k**4/12 + 2*k**3/3 + 4*k**2 + k. Determine h(t).
-4
Let v(m) = -1679 - 1858 - 8*m + 3628. Determine v(10).
11
Let g(i) = -10*i**3 + 8*i**2 - 9*i + 29. Let l(z) = 23*z**3 - 16*z**2 + 17*z - 59. Let v(a) = -7*g(a) - 3*l(a). Give v(7).
9
Suppose 0*b - b - 10 = -3*i, 0 = -i - 5*b - 18. Suppose -2*u = x - 3*x + 14, 0 = 3*x + i*u - 1. Let k(r) = r - 3. What is k(x)?
0
Let r(f) be the second derivative of f**4/12 + 5*f**3/2 + 20*f**2 - f + 448. Determine r(-12).
4
Let b(s) = 5*s + 23. Suppose -41*i = -11*i + 60. Give b(i).
13
Suppose 0 = 17*c + 667 - 599. Let h(z) = -10*z - 59. Determine h(c).
-19
Let p(z) = -9*z**3 + 4*z**2 - 2*z - 1. Let x = 5235 + -5234. Give p(x).
-8
Let b(d) = -3*d**2 + 69*d. Let h be (-1 - -47)/((-35)/((-945)/54)). Calculate b(h).
0
Let r be (-36)/(-14) - ((-135)/21 + 6). Let d(c) = 127 + 127 + 4*c - 7*c**2 - 249 + c**r. Give d(6).
-7
Let g(h) = -4*h + 7. Let d(m) = 11*m + 4. Let y(v) = v + 8. Let f be y(-5). Let b be d(f). Suppose 4*p = -13 + b. Determine g(p).
-17
Let k(m) = 2*m + 8. Let x(y) = -4 + 8*y - 21*y + 5*y + 7*y. Let w(t) = -4*k(t) - 9*x(t). Suppose o - 2*o = 2*c - 10, -5*c + 15 = 0. What is w(o)?
8
Let p(f) = 15*f**3 + 7*f**2 + 2*f + 7. Let c(r) = 14*r**3 + 6*r**2 + 2*r + 6. Let j(k) = 6*c(k) - 5*p(k). Suppose -70*y + 2 = -72*y. Determine j(y).
-9
Let h(d) = -5*d**2 - 5*d - 5. Let b(r) = -9*r + 48. Let o be b(6). Let k(v) = -4*v**2 - 6*v - 3. Let x(y) = o*k(y) + 5*h(y). What is x(9)?
11
Suppose -336 = 18*h - 444. Let q be -7 - -3 - (h + -5). Let c(o) = 2*o - 3. Determine c(q).
-13
Let j(s) = -s**3 - 7*s**2 - 3*s + 5. Let b(p) = -p**2 - 3*p + 300. Let v be b(16). Give j(v).
-31
Let d be (-118)/(-7) - 3 - ((-1920